{"id":77,"date":"2023-03-30T05:52:37","date_gmt":"2023-03-30T05:52:37","guid":{"rendered":"https:\/\/industriasrgc.com\/?page_id=77"},"modified":"2024-02-27T12:24:13","modified_gmt":"2024-02-27T17:24:13","slug":"servicios","status":"publish","type":"page","link":"https:\/\/industriasrgc.com\/index.php\/servicios\/","title":{"rendered":"Servicios"},"content":{"rendered":"\n\t<section class=\"section dark\" id=\"section_724681735\">\n\t\t<div class=\"bg section-bg fill bg-fill  \" >\n\n\t\t\t\n\t\t\t\n\t\t\t\n\n\t\t<\/div>\n\n\t\t\t<div class=\"ux-shape-divider ux-shape-divider--top ux-shape-divider--style-waves-opacity-3\">\n\t\t<svg viewBox=\"0 0 1000 300\" xmlns=\"http:\/\/www.w3.org\/2000\/svg\" preserveAspectRatio=\"none\">\n\t<path class=\"ux-shape-fill\" opacity=\"0.05\" d=\"M1014 264V386H206L34 300C34 300 344.42 277.16 436 221C542 156 590 160 704 209C811 255 899.11 214.94 979 346L1014 264Z\"\/>\n\t<path class=\"ux-shape-fill\" opacity=\"0.1\" d=\"M-302 55C-302 55 -66.73 263.25 50 214C178 160 283 116 353 141C445.68 174.1 534.28 256.19 588 249C692.9 235 764.52 75.94 855 131C940.61 183.09 1000 254 1000 254V328L-306 338L-302 55Z\"\/>\n\t<path class=\"ux-shape-fill\" opacity=\"0.15\" d=\"M-286 255C-286 255 -72 152 52 126C176 100 255 155 436 227C581.57 284.91 614.7 277.79 708 227C787 184 1009 3.0001 1093 164C1146 265.63 1031 293 1031 293L924 377L-288 389L-286 255Z\"\/>\n\t<path class=\"ux-shape-fill\" opacity=\"0.3\" d=\"M-24 69C-24 69 275.68 370.66 389 314C397 310 622 316 673 356C690.47 369.7 845 224 890 182C944.8 130.85 1018 92 1078 143C1154.12 207.7 1196 242 1196 242L1184 374L-28 386L-24 69Z\"\/>\n\t<path class=\"ux-shape-fill\" d=\"M-12 201C-12 201 58 284 182 258C306 232 342.29 221.23 456 264C565 305 640.82 288.36 721 249C776 222 837.5 191.31 935 253C984 284 1030 279 1030 279L1024 430L-12 440V201Z\"\/>\n<\/svg>\n\t<\/div>\n\n\n\t\t<div class=\"section-content relative\">\n\t\t\t\n\n<div class=\"row align-center\"  id=\"row-1544124167\">\n\n\n\t<div id=\"col-2036068576\" class=\"col medium-6 small-12 large-9\"  >\n\t\t\t\t<div class=\"col-inner text-center\"  >\n\t\t\t\n\t\t\t\n\n\t<div id=\"gap-653365702\" class=\"gap-element clearfix\" style=\"display:block; height:auto;\">\n\t\t\n<style>\n#gap-653365702 {\n  padding-top: 40px;\n}\n<\/style>\n\t<\/div>\n\t\n\n\t<div id=\"text-110235030\" class=\"text\">\n\t\t\n\n<h1>Nuestros Servicios<\/h1>\n\t\t\n<style>\n#text-110235030 {\n  font-size: 1.95rem;\n}\n<\/style>\n\t<\/div>\n\t\n<p>Ofrecemos servicios y materiales de primera calidad, que sumados a nuestros procedimientos de seguimiento y control nos permiten cumplir con una excelente labor y otorga a nuestros clientes una mayor garant\u00eda en proyectos y acabados.<\/p>\n\n\t\t<\/div>\n\t\t\t\t\t<\/div>\n\n\t\n\n<\/div>\n\n\t\t<\/div>\n\n\t\t\n<style>\n#section_724681735 {\n  padding-top: 30px;\n  padding-bottom: 30px;\n  min-height: 350px;\n}\n#section_724681735 .section-bg.bg-loaded {\n  background-image: url(https:\/\/industriasrgc.com\/wp-content\/uploads\/2023\/03\/A9A5347-scaled.jpg);\n}\n#section_724681735 .section-bg {\n  background-position: 60% 36%;\n}\n#section_724681735 .ux-shape-divider--top svg {\n  height: 150px;\n  --divider-top-width: 100%;\n}\n<\/style>\n\t<\/section>\n\t\n\t<section class=\"section\" id=\"section_1704024676\">\n\t\t<div class=\"bg section-bg fill bg-fill  bg-loaded\" >\n\n\t\t\t\n\t\t\t\n\t\t\t\n\n\t\t<\/div>\n\n\t\t\n\n\t\t<div class=\"section-content relative\">\n\t\t\t\n\n\t<div id=\"gap-637374562\" class=\"gap-element clearfix\" style=\"display:block; height:auto;\">\n\t\t\n<style>\n#gap-637374562 {\n  padding-top: 30px;\n}\n<\/style>\n\t<\/div>\n\t\n\n<div class=\"row row-large\"  id=\"row-2086235450\">\n\n\n\t<div id=\"col-1390908181\" class=\"col medium-4 small-12 large-4\"  >\n\t\t\t\t<div class=\"col-inner\"  >\n\t\t\t\n\t\t\t\n\n\n\t\t<div class=\"icon-box featured-box icon-box-center text-center\"  >\n\t\t\t\t<div class=\"icon-box-text last-reset\">\n\t\t\t\t\t\t\t\t\t\n\n<h2>Dise\u00f1o y fabricaci\u00f3n de maquinaria para producci\u00f3n<\/h2>\n<p>Desarrollo de dise\u00f1os personalizados y fabricaci\u00f3n de equipos para diferentes sectores productivos como alimentos, plasticos, granos, quimicos, embotelladoras, acerias entre otras.<\/p>\n\n\t\t<\/div>\n\t<\/div>\n\t\n\t\n\n\t\t<\/div>\n\t\t\t\t\t<\/div>\n\n\t\n\n\t<div id=\"col-205343613\" class=\"col medium-4 small-12 large-4\"  >\n\t\t\t\t<div class=\"col-inner\"  >\n\t\t\t\n\t\t\t\n\n\n\t\t<div class=\"icon-box featured-box icon-box-center text-center\"  >\n\t\t\t\t<div class=\"icon-box-text last-reset\">\n\t\t\t\t\t\t\t\t\t\n\n<h2>Soldadura especializada<\/h2>\n<p>Servicios de soldadura de alta calidad y especializados en diferentes tipos de metales y t\u00e9cnicas de soldadura, como soldadura por arco (SMAW), soldadura TIG (GTAW), soldadura MIG (GMAW), soldadura LASER (LBW). todos nuestros procesos basados en normatividad API, ASME y AWS.<\/p>\n\n\t\t<\/div>\n\t<\/div>\n\t\n\t\n\n\t\t<\/div>\n\t\t\t\t\t<\/div>\n\n\t\n\n\t<div id=\"col-958710158\" class=\"col medium-4 small-12 large-4\"  >\n\t\t\t\t<div class=\"col-inner\"  >\n\t\t\t\n\t\t\t\n\n\n\t\t<div class=\"icon-box featured-box icon-box-center text-center\"  >\n\t\t\t\t<div class=\"icon-box-text last-reset\">\n\t\t\t\t\t\t\t\t\t\n\n<h2>Corte y conformado de metales<\/h2>\n<p>Procesos de corte preciso de metales con sistemas CNC, como corte por plasma, corte por l\u00e1ser, corte por agua, junto con habilidades de conformado, rolado, plegado, pesta\u00f1ado, rolado y punzado para crear componentes y piezas met\u00e1licas seg\u00fan las especificaciones requeridas.<\/p>\n\n\t\t<\/div>\n\t<\/div>\n\t\n\t\n\n\t\t<\/div>\n\t\t\t\t\t<\/div>\n\n\t\n\n<\/div>\n<div class=\"row row-large\"  id=\"row-1307356453\">\n\n\n\t<div id=\"col-731734914\" class=\"col medium-4 small-12 large-4\"  >\n\t\t\t\t<div class=\"col-inner\"  >\n\t\t\t\n\t\t\t\n\n\n\t\t<div class=\"icon-box featured-box icon-box-center text-center\"  >\n\t\t\t\t<div class=\"icon-box-text last-reset\">\n\t\t\t\t\t\t\t\t\t\n\n<h2>Montaje y ensamblaje de l\u00edneas de proceso<\/h2>\n<p>Nos especializamos en la ejecuci\u00f3n de proyectos de montaje y puesta en marcha de l\u00edneas de producci\u00f3n con sus respectivas especialidades seg\u00fan el requerimiento. izaje de cargas, anclajes, pilotajes, soldadura, empalme, ajuste y arranque de proceso.<\/p>\n\n\t\t<\/div>\n\t<\/div>\n\t\n\t\n\n\t\t<\/div>\n\t\t\t\t\t<\/div>\n\n\t\n\n\t<div id=\"col-2025938137\" class=\"col medium-4 small-12 large-4\"  >\n\t\t\t\t<div class=\"col-inner\"  >\n\t\t\t\n\t\t\t\n\n\n\t\t<div class=\"icon-box featured-box icon-box-center text-center\"  >\n\t\t\t\t<div class=\"icon-box-text last-reset\">\n\t\t\t\t\t\t\t\t\t\n\n<h2>Consultor\u00eda y asesoramiento t\u00e9cnico<\/h2>\n<p>Servicios de consultor\u00eda y asesoramiento t\u00e9cnico en proyectos de metalmec\u00e1nica, brindando soluciones a medida, optimizaci\u00f3n de dise\u00f1os y asistencia en la planificaci\u00f3n y ejecuci\u00f3n de proyectos.<\/p>\n\n\t\t<\/div>\n\t<\/div>\n\t\n\t\n\n\t\t<\/div>\n\t\t\t\t\t<\/div>\n\n\t\n\n\t<div id=\"col-817215141\" class=\"col medium-4 small-12 large-4\"  >\n\t\t\t\t<div class=\"col-inner\"  >\n\t\t\t\n\t\t\t\n\n\n\t\t<div class=\"icon-box featured-box icon-box-center text-center\"  >\n\t\t\t\t<div class=\"icon-box-text last-reset\">\n\t\t\t\t\t\t\t\t\t\n\n<h2>Desarrollo de estructuras met\u00e1licas prefabricadas<\/h2>\n<p>fabricaci\u00f3n y suministro de estructuras met\u00e1licas prefabricadas que se pueden utilizar en diferentes aplicaciones, como edificios modulares, casetas, estructuras para eventos, entre otros. Estas estructuras prefabricadas proporcionan una soluci\u00f3n r\u00e1pida, eficiente y rentable para proyectos que requieren una construcci\u00f3n \u00e1gil y flexible.<\/p>\n\n\t\t<\/div>\n\t<\/div>\n\t\n\t\n\n\t\t<\/div>\n\t\t\t\t\t<\/div>\n\n\t\n\n<\/div>\n<div class=\"row row-large\"  id=\"row-156314051\">\n\n\n\t<div id=\"col-870820638\" class=\"col medium-4 small-12 large-4\"  >\n\t\t\t\t<div class=\"col-inner\"  >\n\t\t\t\n\t\t\t\n\n\n\t\t<div class=\"icon-box featured-box icon-box-center text-center\"  >\n\t\t\t\t<div class=\"icon-box-text last-reset\">\n\t\t\t\t\t\t\t\t\t\n\n<h2>Recubrimientos y acabados superficiales<\/h2>\n<p>Aplicaci\u00f3n de recubrimientos protectores y acabados superficiales en estructuras y componentes met\u00e1licos, como galvanizado, pintura, anodizado, recubrimientos de polvo, para mejorar su durabilidad y resistencia a la corrosi\u00f3n.<\/p>\n\n\t\t<\/div>\n\t<\/div>\n\t\n\t\n\n\t\t<\/div>\n\t\t\t\t\t<\/div>\n\n\t\n\n\t<div id=\"col-1312629352\" class=\"col medium-4 small-12 large-4\"  >\n\t\t\t\t<div class=\"col-inner\"  >\n\t\t\t\n\t\t\t\n\n\n\t\t<div class=\"icon-box featured-box icon-box-center text-center\"  >\n\t\t\t\t<div class=\"icon-box-text last-reset\">\n\t\t\t\t\t\t\t\t\t\n\n<h2>Mantenimiento y reparaci\u00f3n de estructuras met\u00e1licas<\/h2>\n<p>Servicios de inspecci\u00f3n, mantenimiento y reparaci\u00f3n de estructuras met\u00e1licas existentes, asegurando su integridad y prolongando su vida \u00fatil.<\/p>\n\n\t\t<\/div>\n\t<\/div>\n\t\n\t\n\n\t\t<\/div>\n\t\t\t\t\t<\/div>\n\n\t\n\n\t<div id=\"col-692744799\" class=\"col medium-4 small-12 large-4\"  >\n\t\t\t\t<div class=\"col-inner\"  >\n\t\t\t\n\t\t\t\n\n\n\t\t<div class=\"icon-box featured-box icon-box-center text-center\"  >\n\t\t\t\t<div class=\"icon-box-text last-reset\">\n\t\t\t\t\t\t\t\t\t\n\n<h2>Mecanizado de precisi\u00f3n<\/h2>\n<p>Servicios de mecanizado para la fabricaci\u00f3n de piezas y componentes met\u00e1licos con alta precisi\u00f3n, utilizando t\u00e9cnicas como el fresado, torneado, rectificado y taladrado.<\/p>\n\n\t\t<\/div>\n\t<\/div>\n\t\n\t\n\n\t\t<\/div>\n\t\t\t\t\t<\/div>\n\n\t\n\n<\/div>\n\n\t\t<\/div>\n\n\t\t\n<style>\n#section_1704024676 {\n  padding-top: 30px;\n  padding-bottom: 30px;\n}\n@media (min-width:550px) {\n  #section_1704024676 {\n    padding-top: 100px;\n    padding-bottom: 100px;\n  }\n}\n<\/style>\n\t<\/section>\n\t\n\n","protected":false},"excerpt":{"rendered":"","protected":false},"author":1,"featured_media":0,"parent":0,"menu_order":0,"comment_status":"closed","ping_status":"closed","template":"","meta":{"footnotes":""},"class_list":["post-77","page","type-page","status-publish","hentry"],"aioseo_notices":[],"_links":{"self":[{"href":"https:\/\/industriasrgc.com\/index.php\/wp-json\/wp\/v2\/pages\/77","targetHints":{"allow":["GET"]}}],"collection":[{"href":"https:\/\/industriasrgc.com\/index.php\/wp-json\/wp\/v2\/pages"}],"about":[{"href":"https:\/\/industriasrgc.com\/index.php\/wp-json\/wp\/v2\/types\/page"}],"author":[{"embeddable":true,"href":"https:\/\/industriasrgc.com\/index.php\/wp-json\/wp\/v2\/users\/1"}],"replies":[{"embeddable":true,"href":"https:\/\/industriasrgc.com\/index.php\/wp-json\/wp\/v2\/comments?post=77"}],"version-history":[{"count":4,"href":"https:\/\/industriasrgc.com\/index.php\/wp-json\/wp\/v2\/pages\/77\/revisions"}],"predecessor-version":[{"id":205,"href":"https:\/\/industriasrgc.com\/index.php\/wp-json\/wp\/v2\/pages\/77\/revisions\/205"}],"wp:attachment":[{"href":"https:\/\/industriasrgc.com\/index.php\/wp-json\/wp\/v2\/media?parent=77"}],"curies":[{"name":"wp","href":"https:\/\/api.w.org\/{rel}","templated":true}]}}